{"id":7,"date":"2024-07-30T14:20:39","date_gmt":"2024-07-30T14:20:39","guid":{"rendered":"https:\/\/ankarapsikologgulumseroz.com\/?page_id=7"},"modified":"2024-07-30T14:36:31","modified_gmt":"2024-07-30T14:36:31","slug":"elementor-7","status":"publish","type":"page","link":"https:\/\/ankarapsikologgulumseroz.com\/index.php\/elementor-7\/","title":{"rendered":"Elementor #7"},"content":{"rendered":"\t\t<div data-elementor-type=\"wp-post\" data-elementor-id=\"7\" class=\"elementor elementor-7\">\n\t\t\t\t<div class=\"elementor-element elementor-element-d650f26 e-flex e-con-boxed wpr-particle-no wpr-jarallax-no wpr-parallax-no wpr-sticky-section-no e-con e-parent\" data-id=\"d650f26\" data-element_type=\"container\">\n\t\t\t\t\t<div class=\"e-con-inner\">\n\t\t<div class=\"elementor-element elementor-element-89cb94d e-con-full e-flex wpr-particle-no wpr-jarallax-no wpr-parallax-no wpr-sticky-section-no e-con e-child\" data-id=\"89cb94d\" data-element_type=\"container\">\n\t\t\t\t<div class=\"elementor-element elementor-element-e1ba988 elementor-widget elementor-widget-image\" data-id=\"e1ba988\" data-element_type=\"widget\" data-widget_type=\"image.default\">\n\t\t\t\t<div class=\"elementor-widget-container\">\n\t\t\t<style>\/*! elementor - v3.23.0 - 25-07-2024 *\/\n.elementor-widget-image{text-align:center}.elementor-widget-image a{display:inline-block}.elementor-widget-image a img[src$=\".svg\"]{width:48px}.elementor-widget-image img{vertical-align:middle;display:inline-block}<\/style>\t\t\t\t\t\t\t\t\t\t<img decoding=\"async\" src=\"https:\/\/ankarapsikologgulumseroz.com\/wp-content\/uploads\/elementor\/thumbs\/websitelogo-qrvjifgj9azz3s44uqx7ndmp1w4g446z98mxepycyo.png\" title=\"websitelogo\" alt=\"PsigologGulumserozlogo\" loading=\"lazy\" \/>\t\t\t\t\t\t\t\t\t\t\t\t\t<\/div>\n\t\t\t\t<\/div>\n\t\t\t\t<div class=\"elementor-element elementor-element-19c77da elementor-widget elementor-widget-text-editor\" data-id=\"19c77da\" data-element_type=\"widget\" data-widget_type=\"text-editor.default\">\n\t\t\t\t<div class=\"elementor-widget-container\">\n\t\t\t<style>\/*! elementor - v3.23.0 - 25-07-2024 *\/\n.elementor-widget-text-editor.elementor-drop-cap-view-stacked .elementor-drop-cap{background-color:#69727d;color:#fff}.elementor-widget-text-editor.elementor-drop-cap-view-framed .elementor-drop-cap{color:#69727d;border:3px solid;background-color:transparent}.elementor-widget-text-editor:not(.elementor-drop-cap-view-default) .elementor-drop-cap{margin-top:8px}.elementor-widget-text-editor:not(.elementor-drop-cap-view-default) .elementor-drop-cap-letter{width:1em;height:1em}.elementor-widget-text-editor .elementor-drop-cap{float:left;text-align:center;line-height:1;font-size:50px}.elementor-widget-text-editor .elementor-drop-cap-letter{display:inline-block}<\/style>\t\t\t\t<p>PS\u0130KOLOG<br \/><strong>G\u00dcL\u00dcMSER \u00d6Z<\/strong><\/p>\t\t\t\t\t\t<\/div>\n\t\t\t\t<\/div>\n\t\t\t\t<\/div>\n\t\t<div class=\"elementor-element elementor-element-a0f50b9 e-con-full e-flex wpr-particle-no wpr-jarallax-no wpr-parallax-no wpr-sticky-section-no e-con e-child\" data-id=\"a0f50b9\" data-element_type=\"container\">\n\t\t\t\t<\/div>\n\t\t\t\t\t<\/div>\n\t\t\t\t<\/div>\n\t\t\t\t<\/div>\n\t\t","protected":false},"excerpt":{"rendered":"<p>PS\u0130KOLOGG\u00dcL\u00dcMSER \u00d6Z<\/p>\n","protected":false},"author":1,"featured_media":0,"parent":0,"menu_order":0,"comment_status":"closed","ping_status":"closed","template":"elementor_canvas","meta":{"_kad_post_transparent":"","_kad_post_title":"hide","_kad_post_layout":"fullwidth","_kad_post_sidebar_id":"","_kad_post_content_style":"unboxed","_kad_post_vertical_padding":"hide","_kad_post_feature":"hide","_kad_post_feature_position":"","_kad_post_header":false,"_kad_post_footer":false,"footnotes":""},"class_list":["post-7","page","type-page","status-publish","hentry"],"yoast_head":"<!-- This site is optimized with the Yoast SEO plugin v23.1 - https:\/\/yoast.com\/wordpress\/plugins\/seo\/ -->\n<title>Elementor #7 - Psikolog G\u00fcl\u00fcmser \u00d6z<\/title>\n<meta name=\"robots\" content=\"index, follow, max-snippet:-1, max-image-preview:large, max-video-preview:-1\" \/>\n<link rel=\"canonical\" href=\"https:\/\/ankarapsikologgulumseroz.com\/index.php\/elementor-7\/\" \/>\n<meta property=\"og:locale\" content=\"tr_TR\" \/>\n<meta property=\"og:type\" content=\"article\" \/>\n<meta property=\"og:title\" content=\"Elementor #7 - Psikolog G\u00fcl\u00fcmser \u00d6z\" \/>\n<meta property=\"og:description\" content=\"PS\u0130KOLOGG\u00dcL\u00dcMSER \u00d6Z\" \/>\n<meta property=\"og:url\" content=\"https:\/\/ankarapsikologgulumseroz.com\/index.php\/elementor-7\/\" \/>\n<meta property=\"og:site_name\" content=\"Psikolog G\u00fcl\u00fcmser \u00d6z\" \/>\n<meta property=\"article:modified_time\" content=\"2024-07-30T14:36:31+00:00\" \/>\n<meta property=\"og:image\" content=\"https:\/\/ankarapsikologgulumseroz.com\/wp-content\/uploads\/elementor\/thumbs\/websitelogo-qrvjifgj9azz3s44uqx7ndmp1w4g446z98mxepycyo.png\" \/>\n<meta name=\"twitter:card\" content=\"summary_large_image\" \/>\n<meta name=\"twitter:label1\" content=\"Tahmini okuma s\u00fcresi\" \/>\n\t<meta name=\"twitter:data1\" content=\"1 dakika\" \/>\n<script type=\"application\/ld+json\" class=\"yoast-schema-graph\">{\"@context\":\"https:\/\/schema.org\",\"@graph\":[{\"@type\":\"WebPage\",\"@id\":\"https:\/\/ankarapsikologgulumseroz.com\/index.php\/elementor-7\/\",\"url\":\"https:\/\/ankarapsikologgulumseroz.com\/index.php\/elementor-7\/\",\"name\":\"Elementor #7 - Psikolog G\u00fcl\u00fcmser \u00d6z\",\"isPartOf\":{\"@id\":\"https:\/\/ankarapsikologgulumseroz.com\/#website\"},\"primaryImageOfPage\":{\"@id\":\"https:\/\/ankarapsikologgulumseroz.com\/index.php\/elementor-7\/#primaryimage\"},\"image\":{\"@id\":\"https:\/\/ankarapsikologgulumseroz.com\/index.php\/elementor-7\/#primaryimage\"},\"thumbnailUrl\":\"https:\/\/ankarapsikologgulumseroz.com\/wp-content\/uploads\/elementor\/thumbs\/websitelogo-qrvjifgj9azz3s44uqx7ndmp1w4g446z98mxepycyo.png\",\"datePublished\":\"2024-07-30T14:20:39+00:00\",\"dateModified\":\"2024-07-30T14:36:31+00:00\",\"breadcrumb\":{\"@id\":\"https:\/\/ankarapsikologgulumseroz.com\/index.php\/elementor-7\/#breadcrumb\"},\"inLanguage\":\"tr\",\"potentialAction\":[{\"@type\":\"ReadAction\",\"target\":[\"https:\/\/ankarapsikologgulumseroz.com\/index.php\/elementor-7\/\"]}]},{\"@type\":\"ImageObject\",\"inLanguage\":\"tr\",\"@id\":\"https:\/\/ankarapsikologgulumseroz.com\/index.php\/elementor-7\/#primaryimage\",\"url\":\"https:\/\/ankarapsikologgulumseroz.com\/wp-content\/uploads\/elementor\/thumbs\/websitelogo-qrvjifgj9azz3s44uqx7ndmp1w4g446z98mxepycyo.png\",\"contentUrl\":\"https:\/\/ankarapsikologgulumseroz.com\/wp-content\/uploads\/elementor\/thumbs\/websitelogo-qrvjifgj9azz3s44uqx7ndmp1w4g446z98mxepycyo.png\"},{\"@type\":\"BreadcrumbList\",\"@id\":\"https:\/\/ankarapsikologgulumseroz.com\/index.php\/elementor-7\/#breadcrumb\",\"itemListElement\":[{\"@type\":\"ListItem\",\"position\":1,\"name\":\"Anasayfa\",\"item\":\"https:\/\/ankarapsikologgulumseroz.com\/\"},{\"@type\":\"ListItem\",\"position\":2,\"name\":\"Elementor #7\"}]},{\"@type\":\"WebSite\",\"@id\":\"https:\/\/ankarapsikologgulumseroz.com\/#website\",\"url\":\"https:\/\/ankarapsikologgulumseroz.com\/\",\"name\":\"Psikolog G\u00fcl\u00fcmser \u00d6z\",\"description\":\"\",\"potentialAction\":[{\"@type\":\"SearchAction\",\"target\":{\"@type\":\"EntryPoint\",\"urlTemplate\":\"https:\/\/ankarapsikologgulumseroz.com\/?s={search_term_string}\"},\"query-input\":\"required name=search_term_string\"}],\"inLanguage\":\"tr\"}]}<\/script>\n<!-- \/ Yoast SEO plugin. -->","yoast_head_json":{"title":"Elementor #7 - Psikolog G\u00fcl\u00fcmser \u00d6z","robots":{"index":"index","follow":"follow","max-snippet":"max-snippet:-1","max-image-preview":"max-image-preview:large","max-video-preview":"max-video-preview:-1"},"canonical":"https:\/\/ankarapsikologgulumseroz.com\/index.php\/elementor-7\/","og_locale":"tr_TR","og_type":"article","og_title":"Elementor #7 - Psikolog G\u00fcl\u00fcmser \u00d6z","og_description":"PS\u0130KOLOGG\u00dcL\u00dcMSER \u00d6Z","og_url":"https:\/\/ankarapsikologgulumseroz.com\/index.php\/elementor-7\/","og_site_name":"Psikolog G\u00fcl\u00fcmser \u00d6z","article_modified_time":"2024-07-30T14:36:31+00:00","og_image":[{"url":"https:\/\/ankarapsikologgulumseroz.com\/wp-content\/uploads\/elementor\/thumbs\/websitelogo-qrvjifgj9azz3s44uqx7ndmp1w4g446z98mxepycyo.png"}],"twitter_card":"summary_large_image","twitter_misc":{"Tahmini okuma s\u00fcresi":"1 dakika"},"schema":{"@context":"https:\/\/schema.org","@graph":[{"@type":"WebPage","@id":"https:\/\/ankarapsikologgulumseroz.com\/index.php\/elementor-7\/","url":"https:\/\/ankarapsikologgulumseroz.com\/index.php\/elementor-7\/","name":"Elementor #7 - Psikolog G\u00fcl\u00fcmser \u00d6z","isPartOf":{"@id":"https:\/\/ankarapsikologgulumseroz.com\/#website"},"primaryImageOfPage":{"@id":"https:\/\/ankarapsikologgulumseroz.com\/index.php\/elementor-7\/#primaryimage"},"image":{"@id":"https:\/\/ankarapsikologgulumseroz.com\/index.php\/elementor-7\/#primaryimage"},"thumbnailUrl":"https:\/\/ankarapsikologgulumseroz.com\/wp-content\/uploads\/elementor\/thumbs\/websitelogo-qrvjifgj9azz3s44uqx7ndmp1w4g446z98mxepycyo.png","datePublished":"2024-07-30T14:20:39+00:00","dateModified":"2024-07-30T14:36:31+00:00","breadcrumb":{"@id":"https:\/\/ankarapsikologgulumseroz.com\/index.php\/elementor-7\/#breadcrumb"},"inLanguage":"tr","potentialAction":[{"@type":"ReadAction","target":["https:\/\/ankarapsikologgulumseroz.com\/index.php\/elementor-7\/"]}]},{"@type":"ImageObject","inLanguage":"tr","@id":"https:\/\/ankarapsikologgulumseroz.com\/index.php\/elementor-7\/#primaryimage","url":"https:\/\/ankarapsikologgulumseroz.com\/wp-content\/uploads\/elementor\/thumbs\/websitelogo-qrvjifgj9azz3s44uqx7ndmp1w4g446z98mxepycyo.png","contentUrl":"https:\/\/ankarapsikologgulumseroz.com\/wp-content\/uploads\/elementor\/thumbs\/websitelogo-qrvjifgj9azz3s44uqx7ndmp1w4g446z98mxepycyo.png"},{"@type":"BreadcrumbList","@id":"https:\/\/ankarapsikologgulumseroz.com\/index.php\/elementor-7\/#breadcrumb","itemListElement":[{"@type":"ListItem","position":1,"name":"Anasayfa","item":"https:\/\/ankarapsikologgulumseroz.com\/"},{"@type":"ListItem","position":2,"name":"Elementor #7"}]},{"@type":"WebSite","@id":"https:\/\/ankarapsikologgulumseroz.com\/#website","url":"https:\/\/ankarapsikologgulumseroz.com\/","name":"Psikolog G\u00fcl\u00fcmser \u00d6z","description":"","potentialAction":[{"@type":"SearchAction","target":{"@type":"EntryPoint","urlTemplate":"https:\/\/ankarapsikologgulumseroz.com\/?s={search_term_string}"},"query-input":"required name=search_term_string"}],"inLanguage":"tr"}]}},"_links":{"self":[{"href":"https:\/\/ankarapsikologgulumseroz.com\/index.php\/wp-json\/wp\/v2\/pages\/7","targetHints":{"allow":["GET"]}}],"collection":[{"href":"https:\/\/ankarapsikologgulumseroz.com\/index.php\/wp-json\/wp\/v2\/pages"}],"about":[{"href":"https:\/\/ankarapsikologgulumseroz.com\/index.php\/wp-json\/wp\/v2\/types\/page"}],"author":[{"embeddable":true,"href":"https:\/\/ankarapsikologgulumseroz.com\/index.php\/wp-json\/wp\/v2\/users\/1"}],"replies":[{"embeddable":true,"href":"https:\/\/ankarapsikologgulumseroz.com\/index.php\/wp-json\/wp\/v2\/comments?post=7"}],"version-history":[{"count":10,"href":"https:\/\/ankarapsikologgulumseroz.com\/index.php\/wp-json\/wp\/v2\/pages\/7\/revisions"}],"predecessor-version":[{"id":21,"href":"https:\/\/ankarapsikologgulumseroz.com\/index.php\/wp-json\/wp\/v2\/pages\/7\/revisions\/21"}],"wp:attachment":[{"href":"https:\/\/ankarapsikologgulumseroz.com\/index.php\/wp-json\/wp\/v2\/media?parent=7"}],"curies":[{"name":"wp","href":"https:\/\/api.w.org\/{rel}","templated":true}]}}